e prime factors of n.
7
Suppose 0 = -10*o + 212 + 358. What are the prime factors of o?
3, 19
Let z = -14 - -54. What are the prime factors of z?
2, 5
Let w be (-2)/(-4) + (-38)/(-4). Let l = 29 - w. List the prime factors of l.
19
Let t(n) = 9*n - n**2 - 1 + 1 - 1. Let y be 1*(2 - 1*-6). What are the prime factors of t(y)?
7
Suppose 15 = -v + 4*c + 49, -4*v - c + 170 = 0. What are the prime factors of v?
2, 3, 7
Suppose -n - n = 2*t, -5*t = 0. Suppose n = 4*f + f. Suppose f = b - 5*i - 5, -b + 2*i + 11 = 3*i. List the prime factors of b.
2, 5
Suppose z + 3*f = 5, -6*z + 20 = -2*z - 5*f. Suppose 5*m + 9*b = 4*b - z, 2*m + 22 = 3*b. Let a = -2 - m. What are the prime factors of a?
3
Suppose 4*i - 73 = 23. Suppose -6*f + 2*f = -i. List the prime factors of 14/f*3/1.
7
Let a = -7 + 9. Suppose 2 + 6 = a*g. What are the prime factors of g?
2
Suppose -6 = 4*w - 14. Suppose 5*o + w*b - 73 - 26 = 0, -b + 40 = 2*o. What are the prime factors of o?
19
Let l(a) be the first derivative of -a**4/4 + 2*a**3 - 3*a**2/2 + 3*a + 1. Let u be 0 - 2/((-2)/5). List the prime factors of l(u).
13
Let z(t) = -t**3 + 2*t. Let l(u) = -u**2 + 11*u - 12. Let p be l(10). Let i be z(p). Suppose 3*o + 3*a = 7*o - 33, 0 = 4*a - i. List the prime factors of o.
3
Let q(m) = -m**2 + 8*m - 4. Suppose 0 = -2*w - 2*c + 24, -w - 2*c + 11 = -6. List the prime factors of q(w).
3
Suppose 3*p + 390 = -3*p. Let c = -36 - p. List the prime factors of c.
29
Let u = -4 - -6. Let z be (3 + -5)*(-5)/u. Suppose -z*w = -32 - 38. What are the prime factors of w?
2, 7
Let c(w) = -w**2 + 3*w + 1. Let r be c(2). Let f be (-4)/(-1) + 2 + -4. List the prime factors of 4 + r*f/3.
2, 3
Suppose -w + 3*q + 17 = -0*q, 5*w - 4*q - 41 = 0. List the prime factors of ((-6)/w)/(3/(-70)).
2, 7
Suppose y = 4*z + 22, y - 3*y = -4*z - 28. Let x(o) = o**3 - 6*o**2 - 2*o - 5. Let v be x(y). Let i = 28 + v. What are the prime factors of i?
11
Suppose 0 = 2*o - 1 - 3. Let f = o - -13. What are the prime factors of f?
3, 5
Let q(z) = -2*z + 1. Let l be ((-1)/(-3))/((-4)/12). Let n be q(l). What are the prime factors of (n*-2)/(-2) - 1?
2
Let g = -21 + 110. List the prime factors of g.
89
Let t(i) = 2*i**2 - 3*i - 7. Let x be t(-5). Suppose -3*j + 2*c + x = -3*c, 2*c = -5*j + 76. List the prime factors of j.
2
Suppose -2*j = -4, c - 3*j + 88 = -0*c. Let a = 58 + c. Let t = a - -40. List the prime factors of t.
2
Let b be 4/(-16) + (-169)/(-4). Let k = b + -5. What are the prime factors of k?
37
Suppose 4*k - 12 = -i, -k + 4*k - 7 = -i. Let p = i - -22. List the prime factors of 3/6*p - -3.
2, 5
List the prime factors of ((-5824)/(-12))/8*3.
2, 7, 13
Suppose 0 = -2*s - 0*s + 8. Suppose -3*h = 3*j - 90, -j = s*h - 6*j - 75. What are the prime factors of h?
5
Let o = -12 + 4. Let m = o + 14. What are the prime factors of m?
2, 3
Let p(v) = 7*v + 5. Let c(h) = -6*h - 4. Let o(y) = 6*c(y) + 5*p(y). List the prime factors of o(-2).
3
Let m(r) be the third derivative of r**6/120 + 17*r**5/60 + 5*r**4/8 + r**3/3 + 6*r**2. List the prime factors of m(-16).
2, 3
Let q be (36/(-30))/(2/10). Let b(k) = -k + 4. What are the prime factors of b(q)?
2, 5
Suppose -b + 7*g - 7 = 3*g, b - g + 4 = 0. Let a = b - -3. Suppose -5*w + 40 = z, w + a*w - 2*z - 8 = 0. List the prime factors of w.
2
Let t(v) = v**2 + v - 4. Let b be t(-3). Let x be (1 - (-1)/1) + b. Suppose -16 = -x*u + 4*n - 0, -3*u + 12 = n. List the prime factors of u.
2
Let l = 10 - 19. Let x = l + 14. What are the prime factors of x?
5
Let h = 122 - 86. What are the prime factors of h?
2, 3
Suppose 18 = p - 102. List the prime factors of p.
2, 3, 5
Suppose 0 = -j + 6*j + 40. Let n = j + 12. List the prime factors of n.
2
Suppose -10 = -5*f - x + 8, -4*f + x = -9. Suppose -3*s = -p - 11, -f*p - 8 = -s - 7*p. What are the prime factors of s?
2
Suppose -x = -3*x - 6. Let t(y) = -2*y - 4. Let v be t(-5). Let n = v + x. What are the prime factors of n?
3
Suppose 0 = c - 19 - 34. What are the prime factors of c?
53
Let i be (-2 + 92)*(-4)/(-5). What are the prime factors of (2/(-4))/((-4)/i)?
3
Let w(a) = -3*a**2. Let g be -2 + 6/4*2. Let n be w(g). List the prime factors of (-8 + -1)/n - 0.
3
Let m = -4 - -13. List the prime factors of m.
3
Let b = 5 + -7. Let j = 0 - b. What are the prime factors of (23 + (-3)/3)/j?
11
Let w = -52 - -75. Suppose 3*c + 0*p - w = -p, 2*p = -c + 6. List the prime factors of c.
2
Suppose 37 = -y + 3*y - 5*p, -4*p - 4 = 0. Let t be ((-15)/2)/((-6)/y). Suppose 2*r - t = 4. What are the prime factors of r?
2, 3
Suppose y - 6 = 1. Let w(s) = -5*s**3 - 4*s + 4*s**3 - 7 + y*s + 5*s**2. What are the prime factors of w(5)?
2
Suppose -3*p + 4 = -5*k - 25, 2*p = 2*k + 14. Suppose p*s - s = -4. Let g = s - -7. List the prime factors of g.
5
Let a(y) = 7*y + 6. List the prime factors of a(5).
41
Let f be (-3 + 2)*(-4)/2. Suppose -i - f*i + 9 = 0. List the prime factors of ((-3)/(-3))/(i/33).
11
Let s be ((-16)/(-10))/(2/5). Suppose -34 = 2*f + s. Let o = 28 + f. List the prime factors of o.
3
Let r(w) = -w**2 - 7*w - 10. Let i be r(-4). Let g = -3 + 4. What are the prime factors of 7 - (-6)/(i + g)?
3
Let l(f) = f**3 + 9*f**2 - 9*f + 8. Let z be l(-10). List the prime factors of (-28)/(-8) - z/4.
2
Let t(n) = -n**3 - 5*n**2 - 2*n + 2. Let k be t(-5). Let x = 3 + k. List the prime factors of x.
3, 5
Let x(p) = 5*p**2 + 2*p - 1. What are the prime factors of x(2)?
23
Let j(q) be the second derivative of q**3/2 + 6*q**2 + q. What are the prime factors of j(7)?
3, 11
Suppose 2*u + 4*i - 80 = 0, -45 = -u - i - 7. List the prime factors of u.
2, 3
Suppose 21 = -3*b - 24. Let a = 34 + b. List the prime factors of a.
19
Suppose -123 = 3*n + 3*m - 789, 2*n - 2*m = 452. List the prime factors of n.
2, 7
Let z(s) = -5*s - 57. List the prime factors of z(-22).
53
Let k be 5*-1*(-6)/10. Let y(v) = 2 + 0 - 3 - v**2 - 6*v + 13*v. What are the prime factors of y(k)?
11
Let q = 3 + -1. Suppose 41 = 5*f + 2*y, 5*f - 39 = q*y - 5*y. List the prime factors of f.
3
Let u be -3 + (2 - (-5 + 2)). Suppose -5*j = u*d - 303, -4*j + 2*d = -234 + 6. List the prime factors of j/3 + 20/(-30).
19
Suppose -m - 20 = -5*y, m = -5*y - 0*y + 30. Suppose -65 - 50 = -m*s. Let b = s + -12. List the prime factors of b.
11
Suppose -2*y - 2*y - 4 = 0, -y - 6 = d. Let l(c) = -6*c + 2. What are the prime factors of l(d)?
2
Let h(u) be the second derivative of u**5/60 + u**4/24 - 2*u**3/3 + u**2/2 + 3*u. Let x(n) be the first derivative of h(n). What are the prime factors of x(3)?
2
Suppose -5*k + 2 = -143. Suppose 0*w - w = -k. What are the prime factors of w?
29
List the prime factors of ((-22)/4 + 2)/((-5)/10).
7
Let d(b) be the third derivative of b**6/120 - b**5/60 - 5*b**4/24 + b**3/3 + 2*b**2. Suppose 5*g - 3*g = 6. List the prime factors of d(g).
5
Let g = 11 - 1. Let a = g + -5. List the prime factors of a.
5
Let k be -5 + (-4)/(4 - 2). Let n = k - -10. List the prime factors of n.
3
Let z(o) = o**2 - 5*o - 9. Suppose -3*p + 45 = 2*p. List the prime factors of z(p).
3
Suppose l - 12 = 2*l. Let g = l + 20. List the prime factors of g.
2
Suppose -z = 4*z - 15. Let t be 35 + z/3 + -3. List the prime factors of 105/t - (-4)/(-22).
3
Let d be 44/20 + (-2)/10. Suppose 4*z + 12 = -d*c + 3*z, -5*c - 30 = 2*z. List the prime factors of (14/(-3))/(c/9).
7
Suppose 3*d = -2*d + 105. List the prime factors of d.
3, 7
Let k be 6/(-4) - 4/(-8). Let j be (1 + k)*(-2)/4. Suppose 0 = -m - j*m + 9. List the prime factors of m.
3
List the prime factors of 3/4*(32 + 4).
3
Let j(w) = w - 4. Let n be j(4). Let t be n - -14 - (0 + 2). Let d = -2 + t. List the prime factors of d.
2, 5
Let q(w) = 2*w - 8. List the prime factors of q(6).
2
Let r = 69 + -42. What are the prime factors of r?
3
Let n(i) = 2*i - 2. Let t be n(4). Let q be 2/(t/4 + -1). Suppose -h = 3*h - q*u - 8, 4*u = 3*h - 1. What are the prime factors of h?
7
Let t be (1 - (2 + -2)) + 14. Suppose t = 4*k - 1. Let m = k + 2. What are the prime factors of m?
2, 3
Let f be 3/6*0 + 10. Suppose 2*y + 10 = -f. What are the prime factors of (48/(-20))/(3/y)?
2
What are the prime factors of (-10)/((-2)/12*2)?
2, 3, 5
Let k be (-2)/4 - (-2)/(-4). Let h be ((-15)/3 - -3)*k. Suppose l + 10 = h*l. What are the prime factors of l?
2, 5
Suppose 0*q = -2*q + 8. List 